{"id":20271,"date":"2026-05-18T09:39:43","date_gmt":"2026-05-18T09:39:43","guid":{"rendered":"https:\/\/www.smekk.be\/?post_type=recept&#038;p=20271"},"modified":"2026-05-18T09:39:43","modified_gmt":"2026-05-18T09:39:43","slug":"biscuits-au-chocolat-blanc-et-a-lube","status":"publish","type":"recept","link":"https:\/\/www.smekk.be\/fr\/recept\/biscuits-au-chocolat-blanc-et-a-lube\/","title":{"rendered":"Biscuits au chocolat blanc et \u00e0 l&rsquo;ube"},"featured_media":20270,"template":"","meta":{"_acf_changed":false},"gang":[300],"ingredient":[312,313],"class_list":["post-20271","recept","type-recept","status-publish","has-post-thumbnail","hentry","gang-dessert-fr","ingredient-vegan-fr","ingredient-vegetarisch-fr"],"acf":[],"yoast_head":"<!-- This site is optimized with the Yoast SEO plugin v28.3 - https:\/\/yoast.com\/product\/yoast-seo-wordpress\/ -->\n<title>Biscuits au chocolat blanc et \u00e0 l&#039;ube | smekk<\/title>\n<meta name=\"description\" content=\"Biscuits \u00e0 la vanille et au chocolat Ube. Des biscuits moelleux de couleur violette qui sont un vrai r\u00e9gal, avec de d\u00e9licieux morceaux de chocolat.\" \/>\n<meta name=\"robots\" content=\"index, follow, max-snippet:-1, max-image-preview:large, max-video-preview:-1\" \/>\n<link rel=\"canonical\" href=\"https:\/\/www.smekk.be\/fr\/recept\/biscuits-au-chocolat-blanc-et-a-lube\/\" \/>\n<meta property=\"og:locale\" content=\"fr_FR\" \/>\n<meta property=\"og:type\" content=\"article\" \/>\n<meta property=\"og:title\" content=\"Biscuits au chocolat blanc et \u00e0 l&#039;ube | smekk\" \/>\n<meta property=\"og:description\" content=\"Biscuits \u00e0 la vanille et au chocolat Ube. Des biscuits moelleux de couleur violette qui sont un vrai r\u00e9gal, avec de d\u00e9licieux morceaux de chocolat.\" \/>\n<meta property=\"og:url\" content=\"https:\/\/www.smekk.be\/fr\/recept\/biscuits-au-chocolat-blanc-et-a-lube\/\" \/>\n<meta property=\"og:site_name\" content=\"smekk\" \/>\n<meta property=\"og:image\" content=\"https:\/\/www.smekk.be\/wp-content\/uploads\/ube-koekjes.png\" \/>\n\t<meta property=\"og:image:width\" content=\"1024\" \/>\n\t<meta property=\"og:image:height\" content=\"1024\" \/>\n\t<meta property=\"og:image:type\" content=\"image\/png\" \/>\n<meta name=\"twitter:card\" content=\"summary_large_image\" \/>\n<script type=\"application\/ld+json\" class=\"yoast-schema-graph\">{\"@context\":\"https:\\\/\\\/schema.org\",\"@graph\":[{\"@type\":\"WebPage\",\"@id\":\"https:\\\/\\\/www.smekk.be\\\/fr\\\/recept\\\/biscuits-au-chocolat-blanc-et-a-lube\\\/\",\"url\":\"https:\\\/\\\/www.smekk.be\\\/fr\\\/recept\\\/biscuits-au-chocolat-blanc-et-a-lube\\\/\",\"name\":\"Biscuits au chocolat blanc et \u00e0 l'ube | smekk\",\"isPartOf\":{\"@id\":\"https:\\\/\\\/www.smekk.be\\\/fr\\\/#website\"},\"primaryImageOfPage\":{\"@id\":\"https:\\\/\\\/www.smekk.be\\\/fr\\\/recept\\\/biscuits-au-chocolat-blanc-et-a-lube\\\/#primaryimage\"},\"image\":{\"@id\":\"https:\\\/\\\/www.smekk.be\\\/fr\\\/recept\\\/biscuits-au-chocolat-blanc-et-a-lube\\\/#primaryimage\"},\"thumbnailUrl\":\"https:\\\/\\\/www.smekk.be\\\/wp-content\\\/uploads\\\/ube-koekjes.png\",\"datePublished\":\"2026-05-18T09:39:43+00:00\",\"description\":\"Biscuits \u00e0 la vanille et au chocolat Ube. Des biscuits moelleux de couleur violette qui sont un vrai r\u00e9gal, avec de d\u00e9licieux morceaux de chocolat.\",\"breadcrumb\":{\"@id\":\"https:\\\/\\\/www.smekk.be\\\/fr\\\/recept\\\/biscuits-au-chocolat-blanc-et-a-lube\\\/#breadcrumb\"},\"inLanguage\":\"fr-FR\",\"potentialAction\":[{\"@type\":\"ReadAction\",\"target\":[\"https:\\\/\\\/www.smekk.be\\\/fr\\\/recept\\\/biscuits-au-chocolat-blanc-et-a-lube\\\/\"]}]},{\"@type\":\"ImageObject\",\"inLanguage\":\"fr-FR\",\"@id\":\"https:\\\/\\\/www.smekk.be\\\/fr\\\/recept\\\/biscuits-au-chocolat-blanc-et-a-lube\\\/#primaryimage\",\"url\":\"https:\\\/\\\/www.smekk.be\\\/wp-content\\\/uploads\\\/ube-koekjes.png\",\"contentUrl\":\"https:\\\/\\\/www.smekk.be\\\/wp-content\\\/uploads\\\/ube-koekjes.png\",\"width\":1024,\"height\":1024,\"caption\":\"Ube koekjes met witte chocolade chips - Bar\u00fa - recept\"},{\"@type\":\"BreadcrumbList\",\"@id\":\"https:\\\/\\\/www.smekk.be\\\/fr\\\/recept\\\/biscuits-au-chocolat-blanc-et-a-lube\\\/#breadcrumb\",\"itemListElement\":[{\"@type\":\"ListItem\",\"position\":1,\"name\":\"Home\",\"item\":\"https:\\\/\\\/www.smekk.be\\\/fr\\\/\"},{\"@type\":\"ListItem\",\"position\":2,\"name\":\"Recepten\",\"item\":\"https:\\\/\\\/www.smekk.be\\\/fr\\\/recept\\\/\"},{\"@type\":\"ListItem\",\"position\":3,\"name\":\"Biscuits au chocolat blanc et \u00e0 l&#8217;ube\"}]},{\"@type\":\"WebSite\",\"@id\":\"https:\\\/\\\/www.smekk.be\\\/fr\\\/#website\",\"url\":\"https:\\\/\\\/www.smekk.be\\\/fr\\\/\",\"name\":\"Smekk\",\"description\":\"taste the story\",\"publisher\":{\"@id\":\"https:\\\/\\\/www.smekk.be\\\/fr\\\/#organization\"},\"potentialAction\":[{\"@type\":\"SearchAction\",\"target\":{\"@type\":\"EntryPoint\",\"urlTemplate\":\"https:\\\/\\\/www.smekk.be\\\/fr\\\/?s={search_term_string}\"},\"query-input\":{\"@type\":\"PropertyValueSpecification\",\"valueRequired\":true,\"valueName\":\"search_term_string\"}}],\"inLanguage\":\"fr-FR\"},{\"@type\":\"Organization\",\"@id\":\"https:\\\/\\\/www.smekk.be\\\/fr\\\/#organization\",\"name\":\"Smekk\",\"url\":\"https:\\\/\\\/www.smekk.be\\\/fr\\\/\",\"logo\":{\"@type\":\"ImageObject\",\"inLanguage\":\"fr-FR\",\"@id\":\"https:\\\/\\\/www.smekk.be\\\/fr\\\/#\\\/schema\\\/logo\\\/image\\\/\",\"url\":\"https:\\\/\\\/www.smekk.be\\\/wp-content\\\/uploads\\\/2024\\\/04\\\/Smekk_Logo_RGB_Logo-Origineel-Groen.png\",\"contentUrl\":\"https:\\\/\\\/www.smekk.be\\\/wp-content\\\/uploads\\\/2024\\\/04\\\/Smekk_Logo_RGB_Logo-Origineel-Groen.png\",\"width\":1920,\"height\":332,\"caption\":\"Smekk\"},\"image\":{\"@id\":\"https:\\\/\\\/www.smekk.be\\\/fr\\\/#\\\/schema\\\/logo\\\/image\\\/\"},\"sameAs\":[\"https:\\\/\\\/www.instagram.com\\\/smekkbe\\\/\"]}]}<\/script>\n<!-- \/ Yoast SEO plugin. -->","yoast_head_json":{"title":"Biscuits au chocolat blanc et \u00e0 l'ube | smekk","description":"Biscuits \u00e0 la vanille et au chocolat Ube. Des biscuits moelleux de couleur violette qui sont un vrai r\u00e9gal, avec de d\u00e9licieux morceaux de chocolat.","robots":{"index":"index","follow":"follow","max-snippet":"max-snippet:-1","max-image-preview":"max-image-preview:large","max-video-preview":"max-video-preview:-1"},"canonical":"https:\/\/www.smekk.be\/fr\/recept\/biscuits-au-chocolat-blanc-et-a-lube\/","og_locale":"fr_FR","og_type":"article","og_title":"Biscuits au chocolat blanc et \u00e0 l'ube | smekk","og_description":"Biscuits \u00e0 la vanille et au chocolat Ube. Des biscuits moelleux de couleur violette qui sont un vrai r\u00e9gal, avec de d\u00e9licieux morceaux de chocolat.","og_url":"https:\/\/www.smekk.be\/fr\/recept\/biscuits-au-chocolat-blanc-et-a-lube\/","og_site_name":"smekk","og_image":[{"width":1024,"height":1024,"url":"https:\/\/www.smekk.be\/wp-content\/uploads\/ube-koekjes.png","type":"image\/png"}],"twitter_card":"summary_large_image","schema":{"@context":"https:\/\/schema.org","@graph":[{"@type":"WebPage","@id":"https:\/\/www.smekk.be\/fr\/recept\/biscuits-au-chocolat-blanc-et-a-lube\/","url":"https:\/\/www.smekk.be\/fr\/recept\/biscuits-au-chocolat-blanc-et-a-lube\/","name":"Biscuits au chocolat blanc et \u00e0 l'ube | smekk","isPartOf":{"@id":"https:\/\/www.smekk.be\/fr\/#website"},"primaryImageOfPage":{"@id":"https:\/\/www.smekk.be\/fr\/recept\/biscuits-au-chocolat-blanc-et-a-lube\/#primaryimage"},"image":{"@id":"https:\/\/www.smekk.be\/fr\/recept\/biscuits-au-chocolat-blanc-et-a-lube\/#primaryimage"},"thumbnailUrl":"https:\/\/www.smekk.be\/wp-content\/uploads\/ube-koekjes.png","datePublished":"2026-05-18T09:39:43+00:00","description":"Biscuits \u00e0 la vanille et au chocolat Ube. Des biscuits moelleux de couleur violette qui sont un vrai r\u00e9gal, avec de d\u00e9licieux morceaux de chocolat.","breadcrumb":{"@id":"https:\/\/www.smekk.be\/fr\/recept\/biscuits-au-chocolat-blanc-et-a-lube\/#breadcrumb"},"inLanguage":"fr-FR","potentialAction":[{"@type":"ReadAction","target":["https:\/\/www.smekk.be\/fr\/recept\/biscuits-au-chocolat-blanc-et-a-lube\/"]}]},{"@type":"ImageObject","inLanguage":"fr-FR","@id":"https:\/\/www.smekk.be\/fr\/recept\/biscuits-au-chocolat-blanc-et-a-lube\/#primaryimage","url":"https:\/\/www.smekk.be\/wp-content\/uploads\/ube-koekjes.png","contentUrl":"https:\/\/www.smekk.be\/wp-content\/uploads\/ube-koekjes.png","width":1024,"height":1024,"caption":"Ube koekjes met witte chocolade chips - Bar\u00fa - recept"},{"@type":"BreadcrumbList","@id":"https:\/\/www.smekk.be\/fr\/recept\/biscuits-au-chocolat-blanc-et-a-lube\/#breadcrumb","itemListElement":[{"@type":"ListItem","position":1,"name":"Home","item":"https:\/\/www.smekk.be\/fr\/"},{"@type":"ListItem","position":2,"name":"Recepten","item":"https:\/\/www.smekk.be\/fr\/recept\/"},{"@type":"ListItem","position":3,"name":"Biscuits au chocolat blanc et \u00e0 l&#8217;ube"}]},{"@type":"WebSite","@id":"https:\/\/www.smekk.be\/fr\/#website","url":"https:\/\/www.smekk.be\/fr\/","name":"Smekk","description":"taste the story","publisher":{"@id":"https:\/\/www.smekk.be\/fr\/#organization"},"potentialAction":[{"@type":"SearchAction","target":{"@type":"EntryPoint","urlTemplate":"https:\/\/www.smekk.be\/fr\/?s={search_term_string}"},"query-input":{"@type":"PropertyValueSpecification","valueRequired":true,"valueName":"search_term_string"}}],"inLanguage":"fr-FR"},{"@type":"Organization","@id":"https:\/\/www.smekk.be\/fr\/#organization","name":"Smekk","url":"https:\/\/www.smekk.be\/fr\/","logo":{"@type":"ImageObject","inLanguage":"fr-FR","@id":"https:\/\/www.smekk.be\/fr\/#\/schema\/logo\/image\/","url":"https:\/\/www.smekk.be\/wp-content\/uploads\/2024\/04\/Smekk_Logo_RGB_Logo-Origineel-Groen.png","contentUrl":"https:\/\/www.smekk.be\/wp-content\/uploads\/2024\/04\/Smekk_Logo_RGB_Logo-Origineel-Groen.png","width":1920,"height":332,"caption":"Smekk"},"image":{"@id":"https:\/\/www.smekk.be\/fr\/#\/schema\/logo\/image\/"},"sameAs":["https:\/\/www.instagram.com\/smekkbe\/"]}]}},"jetpack_sharing_enabled":true,"_links":{"self":[{"href":"https:\/\/www.smekk.be\/fr\/wp-json\/wp\/v2\/recept\/20271","targetHints":{"allow":["GET"]}}],"collection":[{"href":"https:\/\/www.smekk.be\/fr\/wp-json\/wp\/v2\/recept"}],"about":[{"href":"https:\/\/www.smekk.be\/fr\/wp-json\/wp\/v2\/types\/recept"}],"wp:featuredmedia":[{"embeddable":true,"href":"https:\/\/www.smekk.be\/fr\/wp-json\/wp\/v2\/media\/20270"}],"wp:attachment":[{"href":"https:\/\/www.smekk.be\/fr\/wp-json\/wp\/v2\/media?parent=20271"}],"wp:term":[{"taxonomy":"gang","embeddable":true,"href":"https:\/\/www.smekk.be\/fr\/wp-json\/wp\/v2\/gang?post=20271"},{"taxonomy":"ingredient","embeddable":true,"href":"https:\/\/www.smekk.be\/fr\/wp-json\/wp\/v2\/ingredient?post=20271"}],"curies":[{"name":"wp","href":"https:\/\/api.w.org\/{rel}","templated":true}]}}

Biscuits au chocolat blanc et à l&rsquo;ube

<!-- This site is optimized with the Yoast SEO plugin v28.3 - https://yoast.com/product/yoast-seo-wordpress/ -->
<title>Biscuits au chocolat blanc et à l&#039;ube | smekk</title>
<meta name="description" content="Biscuits à la vanille et au chocolat Ube. Des biscuits moelleux de couleur violette qui sont un vrai régal, avec de délicieux morceaux de chocolat." />
<meta name="robots" content="index, follow, max-snippet:-1, max-image-preview:large, max-video-preview:-1" />
<link rel="canonical" href="https://www.smekk.be/fr/recept/biscuits-au-chocolat-blanc-et-a-lube/" />
<meta property="og:locale" content="fr_FR" />
<meta property="og:type" content="article" />
<meta property="og:title" content="Biscuits au chocolat blanc et à l&#039;ube | smekk" />
<meta property="og:description" content="Biscuits à la vanille et au chocolat Ube. Des biscuits moelleux de couleur violette qui sont un vrai régal, avec de délicieux morceaux de chocolat." />
<meta property="og:url" content="https://www.smekk.be/fr/recept/biscuits-au-chocolat-blanc-et-a-lube/" />
<meta property="og:site_name" content="smekk" />
<meta property="og:image" content="https://www.smekk.be/wp-content/uploads/ube-koekjes.png" />
	<meta property="og:image:width" content="1024" />
	<meta property="og:image:height" content="1024" />
	<meta property="og:image:type" content="image/png" />
<meta name="twitter:card" content="summary_large_image" />
<script type="application/ld+json" class="yoast-schema-graph">{"@context":"https:\/\/schema.org","@graph":[{"@type":"WebPage","@id":"https:\/\/www.smekk.be\/fr\/recept\/biscuits-au-chocolat-blanc-et-a-lube\/","url":"https:\/\/www.smekk.be\/fr\/recept\/biscuits-au-chocolat-blanc-et-a-lube\/","name":"Biscuits au chocolat blanc et à l'ube | smekk","isPartOf":{"@id":"https:\/\/www.smekk.be\/fr\/#website"},"primaryImageOfPage":{"@id":"https:\/\/www.smekk.be\/fr\/recept\/biscuits-au-chocolat-blanc-et-a-lube\/#primaryimage"},"image":{"@id":"https:\/\/www.smekk.be\/fr\/recept\/biscuits-au-chocolat-blanc-et-a-lube\/#primaryimage"},"thumbnailUrl":"https:\/\/www.smekk.be\/wp-content\/uploads\/ube-koekjes.png","datePublished":"2026-05-18T09:39:43+00:00","description":"Biscuits à la vanille et au chocolat Ube. Des biscuits moelleux de couleur violette qui sont un vrai régal, avec de délicieux morceaux de chocolat.","breadcrumb":{"@id":"https:\/\/www.smekk.be\/fr\/recept\/biscuits-au-chocolat-blanc-et-a-lube\/#breadcrumb"},"inLanguage":"fr-FR","potentialAction":[{"@type":"ReadAction","target":["https:\/\/www.smekk.be\/fr\/recept\/biscuits-au-chocolat-blanc-et-a-lube\/"]}]},{"@type":"ImageObject","inLanguage":"fr-FR","@id":"https:\/\/www.smekk.be\/fr\/recept\/biscuits-au-chocolat-blanc-et-a-lube\/#primaryimage","url":"https:\/\/www.smekk.be\/wp-content\/uploads\/ube-koekjes.png","contentUrl":"https:\/\/www.smekk.be\/wp-content\/uploads\/ube-koekjes.png","width":1024,"height":1024,"caption":"Ube koekjes met witte chocolade chips - Barú - recept"},{"@type":"BreadcrumbList","@id":"https:\/\/www.smekk.be\/fr\/recept\/biscuits-au-chocolat-blanc-et-a-lube\/#breadcrumb","itemListElement":[{"@type":"ListItem","position":1,"name":"Home","item":"https:\/\/www.smekk.be\/fr\/"},{"@type":"ListItem","position":2,"name":"Recepten","item":"https:\/\/www.smekk.be\/fr\/recept\/"},{"@type":"ListItem","position":3,"name":"Biscuits au chocolat blanc et à l&#8217;ube"}]},{"@type":"WebSite","@id":"https:\/\/www.smekk.be\/fr\/#website","url":"https:\/\/www.smekk.be\/fr\/","name":"Smekk","description":"taste the story","publisher":{"@id":"https:\/\/www.smekk.be\/fr\/#organization"},"potentialAction":[{"@type":"SearchAction","target":{"@type":"EntryPoint","urlTemplate":"https:\/\/www.smekk.be\/fr\/?s={search_term_string}"},"query-input":{"@type":"PropertyValueSpecification","valueRequired":true,"valueName":"search_term_string"}}],"inLanguage":"fr-FR"},{"@type":"Organization","@id":"https:\/\/www.smekk.be\/fr\/#organization","name":"Smekk","url":"https:\/\/www.smekk.be\/fr\/","logo":{"@type":"ImageObject","inLanguage":"fr-FR","@id":"https:\/\/www.smekk.be\/fr\/#\/schema\/logo\/image\/","url":"https:\/\/www.smekk.be\/wp-content\/uploads\/2024\/04\/Smekk_Logo_RGB_Logo-Origineel-Groen.png","contentUrl":"https:\/\/www.smekk.be\/wp-content\/uploads\/2024\/04\/Smekk_Logo_RGB_Logo-Origineel-Groen.png","width":1920,"height":332,"caption":"Smekk"},"image":{"@id":"https:\/\/www.smekk.be\/fr\/#\/schema\/logo\/image\/"},"sameAs":["https:\/\/www.instagram.com\/smekkbe\/"]}]}</script>
<!-- / Yoast SEO plugin. -->

Biscuits au chocolat blanc et à l'ube | smekk

Biscuits à la vanille et au chocolat Ube. Des biscuits moelleux de couleur violette qui sont un vrai régal, avec de délicieux morceaux de chocolat.

Ube koekjes met witte chocolade chips - Barú - recept

Biscuits au chocolat blanc et à l&#8217;ube
