{"id":20177,"date":"2026-05-13T08:33:03","date_gmt":"2026-05-13T08:33:03","guid":{"rendered":"https:\/\/www.smekk.be\/?post_type=recept&#038;p=20177"},"modified":"2026-05-13T08:33:03","modified_gmt":"2026-05-13T08:33:03","slug":"dahl-de-pommes-de-terre-a-la-noix-de-coco-aux-lentilles-rouges-et-au-curry-vadouvan-2","status":"publish","type":"recept","link":"https:\/\/www.smekk.be\/fr\/recept\/dahl-de-pommes-de-terre-a-la-noix-de-coco-aux-lentilles-rouges-et-au-curry-vadouvan-2\/","title":{"rendered":"Dahl de pommes de terre \u00e0 la noix de coco, aux lentilles rouges et au curry Vadouvan"},"featured_media":19859,"template":"","meta":{"_acf_changed":false},"gang":[306,305],"ingredient":[297,312,313],"class_list":["post-20177","recept","type-recept","status-publish","has-post-thumbnail","hentry","gang-voorgerecht-fr","gang-soep-fr","ingredient-groenten-fr","ingredient-vegan-fr","ingredient-vegetarisch-fr"],"acf":[],"yoast_head":"<!-- This site is optimized with the Yoast SEO plugin v28.3 - https:\/\/yoast.com\/product\/yoast-seo-wordpress\/ -->\n<title>Dahl de pommes de terre \u00e0 la noix de coco, aux lentilles rouges et au curry Vadouvan | smekk<\/title>\n<meta name=\"description\" content=\"Un plat r\u00e9confortant et savoureux \u00e0 base de curry vadouvan. Il d\u00e9gage un ar\u00f4me chaud et \u00e9pic\u00e9, rehauss\u00e9 par le curry et l&#039;oignon.\" \/>\n<meta name=\"robots\" content=\"index, follow, max-snippet:-1, max-image-preview:large, max-video-preview:-1\" \/>\n<link rel=\"canonical\" href=\"https:\/\/www.smekk.be\/fr\/recept\/dahl-de-pommes-de-terre-a-la-noix-de-coco-aux-lentilles-rouges-et-au-curry-vadouvan-2\/\" \/>\n<meta property=\"og:locale\" content=\"fr_FR\" \/>\n<meta property=\"og:type\" content=\"article\" \/>\n<meta property=\"og:title\" content=\"Dahl de pommes de terre \u00e0 la noix de coco, aux lentilles rouges et au curry Vadouvan | smekk\" \/>\n<meta property=\"og:description\" content=\"Un plat r\u00e9confortant et savoureux \u00e0 base de curry vadouvan. Il d\u00e9gage un ar\u00f4me chaud et \u00e9pic\u00e9, rehauss\u00e9 par le curry et l&#039;oignon.\" \/>\n<meta property=\"og:url\" content=\"https:\/\/www.smekk.be\/fr\/recept\/dahl-de-pommes-de-terre-a-la-noix-de-coco-aux-lentilles-rouges-et-au-curry-vadouvan-2\/\" \/>\n<meta property=\"og:site_name\" content=\"smekk\" \/>\n<meta property=\"og:image\" content=\"https:\/\/www.smekk.be\/wp-content\/uploads\/Billeder_til_opskriftsunivers_8_8e3a53fe-f22d-4259-9c4c-35a951c73891_900x.jpg.webp\" \/>\n\t<meta property=\"og:image:width\" content=\"900\" \/>\n\t<meta property=\"og:image:height\" content=\"900\" \/>\n\t<meta property=\"og:image:type\" content=\"image\/webp\" \/>\n<meta name=\"twitter:card\" content=\"summary_large_image\" \/>\n<script type=\"application\/ld+json\" class=\"yoast-schema-graph\">{\"@context\":\"https:\\\/\\\/schema.org\",\"@graph\":[{\"@type\":\"WebPage\",\"@id\":\"https:\\\/\\\/www.smekk.be\\\/fr\\\/recept\\\/dahl-de-pommes-de-terre-a-la-noix-de-coco-aux-lentilles-rouges-et-au-curry-vadouvan-2\\\/\",\"url\":\"https:\\\/\\\/www.smekk.be\\\/fr\\\/recept\\\/dahl-de-pommes-de-terre-a-la-noix-de-coco-aux-lentilles-rouges-et-au-curry-vadouvan-2\\\/\",\"name\":\"Dahl de pommes de terre \u00e0 la noix de coco, aux lentilles rouges et au curry Vadouvan | smekk\",\"isPartOf\":{\"@id\":\"https:\\\/\\\/www.smekk.be\\\/fr\\\/#website\"},\"primaryImageOfPage\":{\"@id\":\"https:\\\/\\\/www.smekk.be\\\/fr\\\/recept\\\/dahl-de-pommes-de-terre-a-la-noix-de-coco-aux-lentilles-rouges-et-au-curry-vadouvan-2\\\/#primaryimage\"},\"image\":{\"@id\":\"https:\\\/\\\/www.smekk.be\\\/fr\\\/recept\\\/dahl-de-pommes-de-terre-a-la-noix-de-coco-aux-lentilles-rouges-et-au-curry-vadouvan-2\\\/#primaryimage\"},\"thumbnailUrl\":\"https:\\\/\\\/www.smekk.be\\\/wp-content\\\/uploads\\\/Billeder_til_opskriftsunivers_8_8e3a53fe-f22d-4259-9c4c-35a951c73891_900x.jpg.webp\",\"datePublished\":\"2026-05-13T08:33:03+00:00\",\"description\":\"Un plat r\u00e9confortant et savoureux \u00e0 base de curry vadouvan. Il d\u00e9gage un ar\u00f4me chaud et \u00e9pic\u00e9, rehauss\u00e9 par le curry et l'oignon.\",\"breadcrumb\":{\"@id\":\"https:\\\/\\\/www.smekk.be\\\/fr\\\/recept\\\/dahl-de-pommes-de-terre-a-la-noix-de-coco-aux-lentilles-rouges-et-au-curry-vadouvan-2\\\/#breadcrumb\"},\"inLanguage\":\"fr-FR\",\"potentialAction\":[{\"@type\":\"ReadAction\",\"target\":[\"https:\\\/\\\/www.smekk.be\\\/fr\\\/recept\\\/dahl-de-pommes-de-terre-a-la-noix-de-coco-aux-lentilles-rouges-et-au-curry-vadouvan-2\\\/\"]}]},{\"@type\":\"ImageObject\",\"inLanguage\":\"fr-FR\",\"@id\":\"https:\\\/\\\/www.smekk.be\\\/fr\\\/recept\\\/dahl-de-pommes-de-terre-a-la-noix-de-coco-aux-lentilles-rouges-et-au-curry-vadouvan-2\\\/#primaryimage\",\"url\":\"https:\\\/\\\/www.smekk.be\\\/wp-content\\\/uploads\\\/Billeder_til_opskriftsunivers_8_8e3a53fe-f22d-4259-9c4c-35a951c73891_900x.jpg.webp\",\"contentUrl\":\"https:\\\/\\\/www.smekk.be\\\/wp-content\\\/uploads\\\/Billeder_til_opskriftsunivers_8_8e3a53fe-f22d-4259-9c4c-35a951c73891_900x.jpg.webp\",\"width\":900,\"height\":900,\"caption\":\"Aardappel-dahl met kokos, rode linzen en vadouvan-curry\"},{\"@type\":\"BreadcrumbList\",\"@id\":\"https:\\\/\\\/www.smekk.be\\\/fr\\\/recept\\\/dahl-de-pommes-de-terre-a-la-noix-de-coco-aux-lentilles-rouges-et-au-curry-vadouvan-2\\\/#breadcrumb\",\"itemListElement\":[{\"@type\":\"ListItem\",\"position\":1,\"name\":\"Home\",\"item\":\"https:\\\/\\\/www.smekk.be\\\/fr\\\/\"},{\"@type\":\"ListItem\",\"position\":2,\"name\":\"Recepten\",\"item\":\"https:\\\/\\\/www.smekk.be\\\/fr\\\/recept\\\/\"},{\"@type\":\"ListItem\",\"position\":3,\"name\":\"Dahl de pommes de terre \u00e0 la noix de coco, aux lentilles rouges et au curry Vadouvan\"}]},{\"@type\":\"WebSite\",\"@id\":\"https:\\\/\\\/www.smekk.be\\\/fr\\\/#website\",\"url\":\"https:\\\/\\\/www.smekk.be\\\/fr\\\/\",\"name\":\"Smekk\",\"description\":\"taste the story\",\"publisher\":{\"@id\":\"https:\\\/\\\/www.smekk.be\\\/fr\\\/#organization\"},\"potentialAction\":[{\"@type\":\"SearchAction\",\"target\":{\"@type\":\"EntryPoint\",\"urlTemplate\":\"https:\\\/\\\/www.smekk.be\\\/fr\\\/?s={search_term_string}\"},\"query-input\":{\"@type\":\"PropertyValueSpecification\",\"valueRequired\":true,\"valueName\":\"search_term_string\"}}],\"inLanguage\":\"fr-FR\"},{\"@type\":\"Organization\",\"@id\":\"https:\\\/\\\/www.smekk.be\\\/fr\\\/#organization\",\"name\":\"Smekk\",\"url\":\"https:\\\/\\\/www.smekk.be\\\/fr\\\/\",\"logo\":{\"@type\":\"ImageObject\",\"inLanguage\":\"fr-FR\",\"@id\":\"https:\\\/\\\/www.smekk.be\\\/fr\\\/#\\\/schema\\\/logo\\\/image\\\/\",\"url\":\"https:\\\/\\\/www.smekk.be\\\/wp-content\\\/uploads\\\/2024\\\/04\\\/Smekk_Logo_RGB_Logo-Origineel-Groen.png\",\"contentUrl\":\"https:\\\/\\\/www.smekk.be\\\/wp-content\\\/uploads\\\/2024\\\/04\\\/Smekk_Logo_RGB_Logo-Origineel-Groen.png\",\"width\":1920,\"height\":332,\"caption\":\"Smekk\"},\"image\":{\"@id\":\"https:\\\/\\\/www.smekk.be\\\/fr\\\/#\\\/schema\\\/logo\\\/image\\\/\"},\"sameAs\":[\"https:\\\/\\\/www.instagram.com\\\/smekkbe\\\/\"]}]}<\/script>\n<!-- \/ Yoast SEO plugin. -->","yoast_head_json":{"title":"Dahl de pommes de terre \u00e0 la noix de coco, aux lentilles rouges et au curry Vadouvan | smekk","description":"Un plat r\u00e9confortant et savoureux \u00e0 base de curry vadouvan. Il d\u00e9gage un ar\u00f4me chaud et \u00e9pic\u00e9, rehauss\u00e9 par le curry et l'oignon.","robots":{"index":"index","follow":"follow","max-snippet":"max-snippet:-1","max-image-preview":"max-image-preview:large","max-video-preview":"max-video-preview:-1"},"canonical":"https:\/\/www.smekk.be\/fr\/recept\/dahl-de-pommes-de-terre-a-la-noix-de-coco-aux-lentilles-rouges-et-au-curry-vadouvan-2\/","og_locale":"fr_FR","og_type":"article","og_title":"Dahl de pommes de terre \u00e0 la noix de coco, aux lentilles rouges et au curry Vadouvan | smekk","og_description":"Un plat r\u00e9confortant et savoureux \u00e0 base de curry vadouvan. Il d\u00e9gage un ar\u00f4me chaud et \u00e9pic\u00e9, rehauss\u00e9 par le curry et l'oignon.","og_url":"https:\/\/www.smekk.be\/fr\/recept\/dahl-de-pommes-de-terre-a-la-noix-de-coco-aux-lentilles-rouges-et-au-curry-vadouvan-2\/","og_site_name":"smekk","og_image":[{"width":900,"height":900,"url":"https:\/\/www.smekk.be\/wp-content\/uploads\/Billeder_til_opskriftsunivers_8_8e3a53fe-f22d-4259-9c4c-35a951c73891_900x.jpg.webp","type":"image\/webp"}],"twitter_card":"summary_large_image","schema":{"@context":"https:\/\/schema.org","@graph":[{"@type":"WebPage","@id":"https:\/\/www.smekk.be\/fr\/recept\/dahl-de-pommes-de-terre-a-la-noix-de-coco-aux-lentilles-rouges-et-au-curry-vadouvan-2\/","url":"https:\/\/www.smekk.be\/fr\/recept\/dahl-de-pommes-de-terre-a-la-noix-de-coco-aux-lentilles-rouges-et-au-curry-vadouvan-2\/","name":"Dahl de pommes de terre \u00e0 la noix de coco, aux lentilles rouges et au curry Vadouvan | smekk","isPartOf":{"@id":"https:\/\/www.smekk.be\/fr\/#website"},"primaryImageOfPage":{"@id":"https:\/\/www.smekk.be\/fr\/recept\/dahl-de-pommes-de-terre-a-la-noix-de-coco-aux-lentilles-rouges-et-au-curry-vadouvan-2\/#primaryimage"},"image":{"@id":"https:\/\/www.smekk.be\/fr\/recept\/dahl-de-pommes-de-terre-a-la-noix-de-coco-aux-lentilles-rouges-et-au-curry-vadouvan-2\/#primaryimage"},"thumbnailUrl":"https:\/\/www.smekk.be\/wp-content\/uploads\/Billeder_til_opskriftsunivers_8_8e3a53fe-f22d-4259-9c4c-35a951c73891_900x.jpg.webp","datePublished":"2026-05-13T08:33:03+00:00","description":"Un plat r\u00e9confortant et savoureux \u00e0 base de curry vadouvan. Il d\u00e9gage un ar\u00f4me chaud et \u00e9pic\u00e9, rehauss\u00e9 par le curry et l'oignon.","breadcrumb":{"@id":"https:\/\/www.smekk.be\/fr\/recept\/dahl-de-pommes-de-terre-a-la-noix-de-coco-aux-lentilles-rouges-et-au-curry-vadouvan-2\/#breadcrumb"},"inLanguage":"fr-FR","potentialAction":[{"@type":"ReadAction","target":["https:\/\/www.smekk.be\/fr\/recept\/dahl-de-pommes-de-terre-a-la-noix-de-coco-aux-lentilles-rouges-et-au-curry-vadouvan-2\/"]}]},{"@type":"ImageObject","inLanguage":"fr-FR","@id":"https:\/\/www.smekk.be\/fr\/recept\/dahl-de-pommes-de-terre-a-la-noix-de-coco-aux-lentilles-rouges-et-au-curry-vadouvan-2\/#primaryimage","url":"https:\/\/www.smekk.be\/wp-content\/uploads\/Billeder_til_opskriftsunivers_8_8e3a53fe-f22d-4259-9c4c-35a951c73891_900x.jpg.webp","contentUrl":"https:\/\/www.smekk.be\/wp-content\/uploads\/Billeder_til_opskriftsunivers_8_8e3a53fe-f22d-4259-9c4c-35a951c73891_900x.jpg.webp","width":900,"height":900,"caption":"Aardappel-dahl met kokos, rode linzen en vadouvan-curry"},{"@type":"BreadcrumbList","@id":"https:\/\/www.smekk.be\/fr\/recept\/dahl-de-pommes-de-terre-a-la-noix-de-coco-aux-lentilles-rouges-et-au-curry-vadouvan-2\/#breadcrumb","itemListElement":[{"@type":"ListItem","position":1,"name":"Home","item":"https:\/\/www.smekk.be\/fr\/"},{"@type":"ListItem","position":2,"name":"Recepten","item":"https:\/\/www.smekk.be\/fr\/recept\/"},{"@type":"ListItem","position":3,"name":"Dahl de pommes de terre \u00e0 la noix de coco, aux lentilles rouges et au curry Vadouvan"}]},{"@type":"WebSite","@id":"https:\/\/www.smekk.be\/fr\/#website","url":"https:\/\/www.smekk.be\/fr\/","name":"Smekk","description":"taste the story","publisher":{"@id":"https:\/\/www.smekk.be\/fr\/#organization"},"potentialAction":[{"@type":"SearchAction","target":{"@type":"EntryPoint","urlTemplate":"https:\/\/www.smekk.be\/fr\/?s={search_term_string}"},"query-input":{"@type":"PropertyValueSpecification","valueRequired":true,"valueName":"search_term_string"}}],"inLanguage":"fr-FR"},{"@type":"Organization","@id":"https:\/\/www.smekk.be\/fr\/#organization","name":"Smekk","url":"https:\/\/www.smekk.be\/fr\/","logo":{"@type":"ImageObject","inLanguage":"fr-FR","@id":"https:\/\/www.smekk.be\/fr\/#\/schema\/logo\/image\/","url":"https:\/\/www.smekk.be\/wp-content\/uploads\/2024\/04\/Smekk_Logo_RGB_Logo-Origineel-Groen.png","contentUrl":"https:\/\/www.smekk.be\/wp-content\/uploads\/2024\/04\/Smekk_Logo_RGB_Logo-Origineel-Groen.png","width":1920,"height":332,"caption":"Smekk"},"image":{"@id":"https:\/\/www.smekk.be\/fr\/#\/schema\/logo\/image\/"},"sameAs":["https:\/\/www.instagram.com\/smekkbe\/"]}]}},"jetpack_sharing_enabled":true,"_links":{"self":[{"href":"https:\/\/www.smekk.be\/fr\/wp-json\/wp\/v2\/recept\/20177","targetHints":{"allow":["GET"]}}],"collection":[{"href":"https:\/\/www.smekk.be\/fr\/wp-json\/wp\/v2\/recept"}],"about":[{"href":"https:\/\/www.smekk.be\/fr\/wp-json\/wp\/v2\/types\/recept"}],"wp:featuredmedia":[{"embeddable":true,"href":"https:\/\/www.smekk.be\/fr\/wp-json\/wp\/v2\/media\/19859"}],"wp:attachment":[{"href":"https:\/\/www.smekk.be\/fr\/wp-json\/wp\/v2\/media?parent=20177"}],"wp:term":[{"taxonomy":"gang","embeddable":true,"href":"https:\/\/www.smekk.be\/fr\/wp-json\/wp\/v2\/gang?post=20177"},{"taxonomy":"ingredient","embeddable":true,"href":"https:\/\/www.smekk.be\/fr\/wp-json\/wp\/v2\/ingredient?post=20177"}],"curies":[{"name":"wp","href":"https:\/\/api.w.org\/{rel}","templated":true}]}}

Dahl de pommes de terre à la noix de coco, aux lentilles rouges et au curry Vadouvan

<!-- This site is optimized with the Yoast SEO plugin v28.3 - https://yoast.com/product/yoast-seo-wordpress/ -->
<title>Dahl de pommes de terre à la noix de coco, aux lentilles rouges et au curry Vadouvan | smekk</title>
<meta name="description" content="Un plat réconfortant et savoureux à base de curry vadouvan. Il dégage un arôme chaud et épicé, rehaussé par le curry et l&#039;oignon." />
<meta name="robots" content="index, follow, max-snippet:-1, max-image-preview:large, max-video-preview:-1" />
<link rel="canonical" href="https://www.smekk.be/fr/recept/dahl-de-pommes-de-terre-a-la-noix-de-coco-aux-lentilles-rouges-et-au-curry-vadouvan-2/" />
<meta property="og:locale" content="fr_FR" />
<meta property="og:type" content="article" />
<meta property="og:title" content="Dahl de pommes de terre à la noix de coco, aux lentilles rouges et au curry Vadouvan | smekk" />
<meta property="og:description" content="Un plat réconfortant et savoureux à base de curry vadouvan. Il dégage un arôme chaud et épicé, rehaussé par le curry et l&#039;oignon." />
<meta property="og:url" content="https://www.smekk.be/fr/recept/dahl-de-pommes-de-terre-a-la-noix-de-coco-aux-lentilles-rouges-et-au-curry-vadouvan-2/" />
<meta property="og:site_name" content="smekk" />
<meta property="og:image" content="https://www.smekk.be/wp-content/uploads/Billeder_til_opskriftsunivers_8_8e3a53fe-f22d-4259-9c4c-35a951c73891_900x.jpg.webp" />
	<meta property="og:image:width" content="900" />
	<meta property="og:image:height" content="900" />
	<meta property="og:image:type" content="image/webp" />
<meta name="twitter:card" content="summary_large_image" />
<script type="application/ld+json" class="yoast-schema-graph">{"@context":"https:\/\/schema.org","@graph":[{"@type":"WebPage","@id":"https:\/\/www.smekk.be\/fr\/recept\/dahl-de-pommes-de-terre-a-la-noix-de-coco-aux-lentilles-rouges-et-au-curry-vadouvan-2\/","url":"https:\/\/www.smekk.be\/fr\/recept\/dahl-de-pommes-de-terre-a-la-noix-de-coco-aux-lentilles-rouges-et-au-curry-vadouvan-2\/","name":"Dahl de pommes de terre à la noix de coco, aux lentilles rouges et au curry Vadouvan | smekk","isPartOf":{"@id":"https:\/\/www.smekk.be\/fr\/#website"},"primaryImageOfPage":{"@id":"https:\/\/www.smekk.be\/fr\/recept\/dahl-de-pommes-de-terre-a-la-noix-de-coco-aux-lentilles-rouges-et-au-curry-vadouvan-2\/#primaryimage"},"image":{"@id":"https:\/\/www.smekk.be\/fr\/recept\/dahl-de-pommes-de-terre-a-la-noix-de-coco-aux-lentilles-rouges-et-au-curry-vadouvan-2\/#primaryimage"},"thumbnailUrl":"https:\/\/www.smekk.be\/wp-content\/uploads\/Billeder_til_opskriftsunivers_8_8e3a53fe-f22d-4259-9c4c-35a951c73891_900x.jpg.webp","datePublished":"2026-05-13T08:33:03+00:00","description":"Un plat réconfortant et savoureux à base de curry vadouvan. Il dégage un arôme chaud et épicé, rehaussé par le curry et l'oignon.","breadcrumb":{"@id":"https:\/\/www.smekk.be\/fr\/recept\/dahl-de-pommes-de-terre-a-la-noix-de-coco-aux-lentilles-rouges-et-au-curry-vadouvan-2\/#breadcrumb"},"inLanguage":"fr-FR","potentialAction":[{"@type":"ReadAction","target":["https:\/\/www.smekk.be\/fr\/recept\/dahl-de-pommes-de-terre-a-la-noix-de-coco-aux-lentilles-rouges-et-au-curry-vadouvan-2\/"]}]},{"@type":"ImageObject","inLanguage":"fr-FR","@id":"https:\/\/www.smekk.be\/fr\/recept\/dahl-de-pommes-de-terre-a-la-noix-de-coco-aux-lentilles-rouges-et-au-curry-vadouvan-2\/#primaryimage","url":"https:\/\/www.smekk.be\/wp-content\/uploads\/Billeder_til_opskriftsunivers_8_8e3a53fe-f22d-4259-9c4c-35a951c73891_900x.jpg.webp","contentUrl":"https:\/\/www.smekk.be\/wp-content\/uploads\/Billeder_til_opskriftsunivers_8_8e3a53fe-f22d-4259-9c4c-35a951c73891_900x.jpg.webp","width":900,"height":900,"caption":"Aardappel-dahl met kokos, rode linzen en vadouvan-curry"},{"@type":"BreadcrumbList","@id":"https:\/\/www.smekk.be\/fr\/recept\/dahl-de-pommes-de-terre-a-la-noix-de-coco-aux-lentilles-rouges-et-au-curry-vadouvan-2\/#breadcrumb","itemListElement":[{"@type":"ListItem","position":1,"name":"Home","item":"https:\/\/www.smekk.be\/fr\/"},{"@type":"ListItem","position":2,"name":"Recepten","item":"https:\/\/www.smekk.be\/fr\/recept\/"},{"@type":"ListItem","position":3,"name":"Dahl de pommes de terre à la noix de coco, aux lentilles rouges et au curry Vadouvan"}]},{"@type":"WebSite","@id":"https:\/\/www.smekk.be\/fr\/#website","url":"https:\/\/www.smekk.be\/fr\/","name":"Smekk","description":"taste the story","publisher":{"@id":"https:\/\/www.smekk.be\/fr\/#organization"},"potentialAction":[{"@type":"SearchAction","target":{"@type":"EntryPoint","urlTemplate":"https:\/\/www.smekk.be\/fr\/?s={search_term_string}"},"query-input":{"@type":"PropertyValueSpecification","valueRequired":true,"valueName":"search_term_string"}}],"inLanguage":"fr-FR"},{"@type":"Organization","@id":"https:\/\/www.smekk.be\/fr\/#organization","name":"Smekk","url":"https:\/\/www.smekk.be\/fr\/","logo":{"@type":"ImageObject","inLanguage":"fr-FR","@id":"https:\/\/www.smekk.be\/fr\/#\/schema\/logo\/image\/","url":"https:\/\/www.smekk.be\/wp-content\/uploads\/2024\/04\/Smekk_Logo_RGB_Logo-Origineel-Groen.png","contentUrl":"https:\/\/www.smekk.be\/wp-content\/uploads\/2024\/04\/Smekk_Logo_RGB_Logo-Origineel-Groen.png","width":1920,"height":332,"caption":"Smekk"},"image":{"@id":"https:\/\/www.smekk.be\/fr\/#\/schema\/logo\/image\/"},"sameAs":["https:\/\/www.instagram.com\/smekkbe\/"]}]}</script>
<!-- / Yoast SEO plugin. -->

Dahl de pommes de terre à la noix de coco, aux lentilles rouges et au curry Vadouvan | smekk

Un plat réconfortant et savoureux à base de curry vadouvan. Il dégage un arôme chaud et épicé, rehaussé par le curry et l'oignon.
