{"id":20026,"date":"2026-05-11T07:30:06","date_gmt":"2026-05-11T07:30:06","guid":{"rendered":"https:\/\/www.smekk.be\/?post_type=recept&#038;p=20026"},"modified":"2026-05-11T07:30:06","modified_gmt":"2026-05-11T07:30:06","slug":"gateau-marbre-au-matcha","status":"publish","type":"recept","link":"https:\/\/www.smekk.be\/fr\/recept\/gateau-marbre-au-matcha\/","title":{"rendered":"G\u00e2teau marbr\u00e9 au matcha"},"featured_media":20024,"template":"","meta":{"_acf_changed":false},"gang":[300],"ingredient":[313],"class_list":["post-20026","recept","type-recept","status-publish","has-post-thumbnail","hentry","gang-dessert-fr","ingredient-vegetarisch-fr"],"acf":[],"yoast_head":"<!-- This site is optimized with the Yoast SEO plugin v28.3 - https:\/\/yoast.com\/product\/yoast-seo-wordpress\/ -->\n<title>G\u00e2teau marbr\u00e9 au matcha - smekk<\/title>\n<meta name=\"description\" content=\"Cette recette est sp\u00e9cialement destin\u00e9e \u00e0 tous les amateurs de matcha ! Cette variante du g\u00e2teau marbr\u00e9 classique est id\u00e9ale pour le printemps.\" \/>\n<meta name=\"robots\" content=\"index, follow, max-snippet:-1, max-image-preview:large, max-video-preview:-1\" \/>\n<link rel=\"canonical\" href=\"https:\/\/www.smekk.be\/fr\/recept\/gateau-marbre-au-matcha\/\" \/>\n<meta property=\"og:locale\" content=\"fr_FR\" \/>\n<meta property=\"og:type\" content=\"article\" \/>\n<meta property=\"og:title\" content=\"G\u00e2teau marbr\u00e9 au matcha - smekk\" \/>\n<meta property=\"og:description\" content=\"Cette recette est sp\u00e9cialement destin\u00e9e \u00e0 tous les amateurs de matcha ! Cette variante du g\u00e2teau marbr\u00e9 classique est id\u00e9ale pour le printemps.\" \/>\n<meta property=\"og:url\" content=\"https:\/\/www.smekk.be\/fr\/recept\/gateau-marbre-au-matcha\/\" \/>\n<meta property=\"og:site_name\" content=\"smekk\" \/>\n<meta property=\"og:image\" content=\"https:\/\/www.smekk.be\/wp-content\/uploads\/Recepten-fotos.png\" \/>\n\t<meta property=\"og:image:width\" content=\"1024\" \/>\n\t<meta property=\"og:image:height\" content=\"1024\" \/>\n\t<meta property=\"og:image:type\" content=\"image\/png\" \/>\n<meta name=\"twitter:card\" content=\"summary_large_image\" \/>\n<script type=\"application\/ld+json\" class=\"yoast-schema-graph\">{\"@context\":\"https:\\\/\\\/schema.org\",\"@graph\":[{\"@type\":\"WebPage\",\"@id\":\"https:\\\/\\\/www.smekk.be\\\/fr\\\/recept\\\/gateau-marbre-au-matcha\\\/\",\"url\":\"https:\\\/\\\/www.smekk.be\\\/fr\\\/recept\\\/gateau-marbre-au-matcha\\\/\",\"name\":\"G\u00e2teau marbr\u00e9 au matcha - smekk\",\"isPartOf\":{\"@id\":\"https:\\\/\\\/www.smekk.be\\\/fr\\\/#website\"},\"primaryImageOfPage\":{\"@id\":\"https:\\\/\\\/www.smekk.be\\\/fr\\\/recept\\\/gateau-marbre-au-matcha\\\/#primaryimage\"},\"image\":{\"@id\":\"https:\\\/\\\/www.smekk.be\\\/fr\\\/recept\\\/gateau-marbre-au-matcha\\\/#primaryimage\"},\"thumbnailUrl\":\"https:\\\/\\\/www.smekk.be\\\/wp-content\\\/uploads\\\/Recepten-fotos.png\",\"datePublished\":\"2026-05-11T07:30:06+00:00\",\"description\":\"Cette recette est sp\u00e9cialement destin\u00e9e \u00e0 tous les amateurs de matcha ! Cette variante du g\u00e2teau marbr\u00e9 classique est id\u00e9ale pour le printemps.\",\"breadcrumb\":{\"@id\":\"https:\\\/\\\/www.smekk.be\\\/fr\\\/recept\\\/gateau-marbre-au-matcha\\\/#breadcrumb\"},\"inLanguage\":\"fr-FR\",\"potentialAction\":[{\"@type\":\"ReadAction\",\"target\":[\"https:\\\/\\\/www.smekk.be\\\/fr\\\/recept\\\/gateau-marbre-au-matcha\\\/\"]}]},{\"@type\":\"ImageObject\",\"inLanguage\":\"fr-FR\",\"@id\":\"https:\\\/\\\/www.smekk.be\\\/fr\\\/recept\\\/gateau-marbre-au-matcha\\\/#primaryimage\",\"url\":\"https:\\\/\\\/www.smekk.be\\\/wp-content\\\/uploads\\\/Recepten-fotos.png\",\"contentUrl\":\"https:\\\/\\\/www.smekk.be\\\/wp-content\\\/uploads\\\/Recepten-fotos.png\",\"width\":1024,\"height\":1024,\"caption\":\"Matcha Marmercake - Bar\u00fa\"},{\"@type\":\"BreadcrumbList\",\"@id\":\"https:\\\/\\\/www.smekk.be\\\/fr\\\/recept\\\/gateau-marbre-au-matcha\\\/#breadcrumb\",\"itemListElement\":[{\"@type\":\"ListItem\",\"position\":1,\"name\":\"Home\",\"item\":\"https:\\\/\\\/www.smekk.be\\\/fr\\\/\"},{\"@type\":\"ListItem\",\"position\":2,\"name\":\"Recepten\",\"item\":\"https:\\\/\\\/www.smekk.be\\\/fr\\\/recept\\\/\"},{\"@type\":\"ListItem\",\"position\":3,\"name\":\"G\u00e2teau marbr\u00e9 au matcha\"}]},{\"@type\":\"WebSite\",\"@id\":\"https:\\\/\\\/www.smekk.be\\\/fr\\\/#website\",\"url\":\"https:\\\/\\\/www.smekk.be\\\/fr\\\/\",\"name\":\"Smekk\",\"description\":\"taste the story\",\"publisher\":{\"@id\":\"https:\\\/\\\/www.smekk.be\\\/fr\\\/#organization\"},\"potentialAction\":[{\"@type\":\"SearchAction\",\"target\":{\"@type\":\"EntryPoint\",\"urlTemplate\":\"https:\\\/\\\/www.smekk.be\\\/fr\\\/?s={search_term_string}\"},\"query-input\":{\"@type\":\"PropertyValueSpecification\",\"valueRequired\":true,\"valueName\":\"search_term_string\"}}],\"inLanguage\":\"fr-FR\"},{\"@type\":\"Organization\",\"@id\":\"https:\\\/\\\/www.smekk.be\\\/fr\\\/#organization\",\"name\":\"Smekk\",\"url\":\"https:\\\/\\\/www.smekk.be\\\/fr\\\/\",\"logo\":{\"@type\":\"ImageObject\",\"inLanguage\":\"fr-FR\",\"@id\":\"https:\\\/\\\/www.smekk.be\\\/fr\\\/#\\\/schema\\\/logo\\\/image\\\/\",\"url\":\"https:\\\/\\\/www.smekk.be\\\/wp-content\\\/uploads\\\/2024\\\/04\\\/Smekk_Logo_RGB_Logo-Origineel-Groen.png\",\"contentUrl\":\"https:\\\/\\\/www.smekk.be\\\/wp-content\\\/uploads\\\/2024\\\/04\\\/Smekk_Logo_RGB_Logo-Origineel-Groen.png\",\"width\":1920,\"height\":332,\"caption\":\"Smekk\"},\"image\":{\"@id\":\"https:\\\/\\\/www.smekk.be\\\/fr\\\/#\\\/schema\\\/logo\\\/image\\\/\"},\"sameAs\":[\"https:\\\/\\\/www.instagram.com\\\/smekkbe\\\/\"]}]}<\/script>\n<!-- \/ Yoast SEO plugin. -->","yoast_head_json":{"title":"G\u00e2teau marbr\u00e9 au matcha - smekk","description":"Cette recette est sp\u00e9cialement destin\u00e9e \u00e0 tous les amateurs de matcha ! Cette variante du g\u00e2teau marbr\u00e9 classique est id\u00e9ale pour le printemps.","robots":{"index":"index","follow":"follow","max-snippet":"max-snippet:-1","max-image-preview":"max-image-preview:large","max-video-preview":"max-video-preview:-1"},"canonical":"https:\/\/www.smekk.be\/fr\/recept\/gateau-marbre-au-matcha\/","og_locale":"fr_FR","og_type":"article","og_title":"G\u00e2teau marbr\u00e9 au matcha - smekk","og_description":"Cette recette est sp\u00e9cialement destin\u00e9e \u00e0 tous les amateurs de matcha ! Cette variante du g\u00e2teau marbr\u00e9 classique est id\u00e9ale pour le printemps.","og_url":"https:\/\/www.smekk.be\/fr\/recept\/gateau-marbre-au-matcha\/","og_site_name":"smekk","og_image":[{"width":1024,"height":1024,"url":"https:\/\/www.smekk.be\/wp-content\/uploads\/Recepten-fotos.png","type":"image\/png"}],"twitter_card":"summary_large_image","schema":{"@context":"https:\/\/schema.org","@graph":[{"@type":"WebPage","@id":"https:\/\/www.smekk.be\/fr\/recept\/gateau-marbre-au-matcha\/","url":"https:\/\/www.smekk.be\/fr\/recept\/gateau-marbre-au-matcha\/","name":"G\u00e2teau marbr\u00e9 au matcha - smekk","isPartOf":{"@id":"https:\/\/www.smekk.be\/fr\/#website"},"primaryImageOfPage":{"@id":"https:\/\/www.smekk.be\/fr\/recept\/gateau-marbre-au-matcha\/#primaryimage"},"image":{"@id":"https:\/\/www.smekk.be\/fr\/recept\/gateau-marbre-au-matcha\/#primaryimage"},"thumbnailUrl":"https:\/\/www.smekk.be\/wp-content\/uploads\/Recepten-fotos.png","datePublished":"2026-05-11T07:30:06+00:00","description":"Cette recette est sp\u00e9cialement destin\u00e9e \u00e0 tous les amateurs de matcha ! Cette variante du g\u00e2teau marbr\u00e9 classique est id\u00e9ale pour le printemps.","breadcrumb":{"@id":"https:\/\/www.smekk.be\/fr\/recept\/gateau-marbre-au-matcha\/#breadcrumb"},"inLanguage":"fr-FR","potentialAction":[{"@type":"ReadAction","target":["https:\/\/www.smekk.be\/fr\/recept\/gateau-marbre-au-matcha\/"]}]},{"@type":"ImageObject","inLanguage":"fr-FR","@id":"https:\/\/www.smekk.be\/fr\/recept\/gateau-marbre-au-matcha\/#primaryimage","url":"https:\/\/www.smekk.be\/wp-content\/uploads\/Recepten-fotos.png","contentUrl":"https:\/\/www.smekk.be\/wp-content\/uploads\/Recepten-fotos.png","width":1024,"height":1024,"caption":"Matcha Marmercake - Bar\u00fa"},{"@type":"BreadcrumbList","@id":"https:\/\/www.smekk.be\/fr\/recept\/gateau-marbre-au-matcha\/#breadcrumb","itemListElement":[{"@type":"ListItem","position":1,"name":"Home","item":"https:\/\/www.smekk.be\/fr\/"},{"@type":"ListItem","position":2,"name":"Recepten","item":"https:\/\/www.smekk.be\/fr\/recept\/"},{"@type":"ListItem","position":3,"name":"G\u00e2teau marbr\u00e9 au matcha"}]},{"@type":"WebSite","@id":"https:\/\/www.smekk.be\/fr\/#website","url":"https:\/\/www.smekk.be\/fr\/","name":"Smekk","description":"taste the story","publisher":{"@id":"https:\/\/www.smekk.be\/fr\/#organization"},"potentialAction":[{"@type":"SearchAction","target":{"@type":"EntryPoint","urlTemplate":"https:\/\/www.smekk.be\/fr\/?s={search_term_string}"},"query-input":{"@type":"PropertyValueSpecification","valueRequired":true,"valueName":"search_term_string"}}],"inLanguage":"fr-FR"},{"@type":"Organization","@id":"https:\/\/www.smekk.be\/fr\/#organization","name":"Smekk","url":"https:\/\/www.smekk.be\/fr\/","logo":{"@type":"ImageObject","inLanguage":"fr-FR","@id":"https:\/\/www.smekk.be\/fr\/#\/schema\/logo\/image\/","url":"https:\/\/www.smekk.be\/wp-content\/uploads\/2024\/04\/Smekk_Logo_RGB_Logo-Origineel-Groen.png","contentUrl":"https:\/\/www.smekk.be\/wp-content\/uploads\/2024\/04\/Smekk_Logo_RGB_Logo-Origineel-Groen.png","width":1920,"height":332,"caption":"Smekk"},"image":{"@id":"https:\/\/www.smekk.be\/fr\/#\/schema\/logo\/image\/"},"sameAs":["https:\/\/www.instagram.com\/smekkbe\/"]}]}},"jetpack_sharing_enabled":true,"_links":{"self":[{"href":"https:\/\/www.smekk.be\/fr\/wp-json\/wp\/v2\/recept\/20026","targetHints":{"allow":["GET"]}}],"collection":[{"href":"https:\/\/www.smekk.be\/fr\/wp-json\/wp\/v2\/recept"}],"about":[{"href":"https:\/\/www.smekk.be\/fr\/wp-json\/wp\/v2\/types\/recept"}],"wp:featuredmedia":[{"embeddable":true,"href":"https:\/\/www.smekk.be\/fr\/wp-json\/wp\/v2\/media\/20024"}],"wp:attachment":[{"href":"https:\/\/www.smekk.be\/fr\/wp-json\/wp\/v2\/media?parent=20026"}],"wp:term":[{"taxonomy":"gang","embeddable":true,"href":"https:\/\/www.smekk.be\/fr\/wp-json\/wp\/v2\/gang?post=20026"},{"taxonomy":"ingredient","embeddable":true,"href":"https:\/\/www.smekk.be\/fr\/wp-json\/wp\/v2\/ingredient?post=20026"}],"curies":[{"name":"wp","href":"https:\/\/api.w.org\/{rel}","templated":true}]}}

Gâteau marbré au matcha

<!-- This site is optimized with the Yoast SEO plugin v28.3 - https://yoast.com/product/yoast-seo-wordpress/ -->
<title>Gâteau marbré au matcha - smekk</title>
<meta name="description" content="Cette recette est spécialement destinée à tous les amateurs de matcha ! Cette variante du gâteau marbré classique est idéale pour le printemps." />
<meta name="robots" content="index, follow, max-snippet:-1, max-image-preview:large, max-video-preview:-1" />
<link rel="canonical" href="https://www.smekk.be/fr/recept/gateau-marbre-au-matcha/" />
<meta property="og:locale" content="fr_FR" />
<meta property="og:type" content="article" />
<meta property="og:title" content="Gâteau marbré au matcha - smekk" />
<meta property="og:description" content="Cette recette est spécialement destinée à tous les amateurs de matcha ! Cette variante du gâteau marbré classique est idéale pour le printemps." />
<meta property="og:url" content="https://www.smekk.be/fr/recept/gateau-marbre-au-matcha/" />
<meta property="og:site_name" content="smekk" />
<meta property="og:image" content="https://www.smekk.be/wp-content/uploads/Recepten-fotos.png" />
	<meta property="og:image:width" content="1024" />
	<meta property="og:image:height" content="1024" />
	<meta property="og:image:type" content="image/png" />
<meta name="twitter:card" content="summary_large_image" />
<script type="application/ld+json" class="yoast-schema-graph">{"@context":"https:\/\/schema.org","@graph":[{"@type":"WebPage","@id":"https:\/\/www.smekk.be\/fr\/recept\/gateau-marbre-au-matcha\/","url":"https:\/\/www.smekk.be\/fr\/recept\/gateau-marbre-au-matcha\/","name":"Gâteau marbré au matcha - smekk","isPartOf":{"@id":"https:\/\/www.smekk.be\/fr\/#website"},"primaryImageOfPage":{"@id":"https:\/\/www.smekk.be\/fr\/recept\/gateau-marbre-au-matcha\/#primaryimage"},"image":{"@id":"https:\/\/www.smekk.be\/fr\/recept\/gateau-marbre-au-matcha\/#primaryimage"},"thumbnailUrl":"https:\/\/www.smekk.be\/wp-content\/uploads\/Recepten-fotos.png","datePublished":"2026-05-11T07:30:06+00:00","description":"Cette recette est spécialement destinée à tous les amateurs de matcha ! Cette variante du gâteau marbré classique est idéale pour le printemps.","breadcrumb":{"@id":"https:\/\/www.smekk.be\/fr\/recept\/gateau-marbre-au-matcha\/#breadcrumb"},"inLanguage":"fr-FR","potentialAction":[{"@type":"ReadAction","target":["https:\/\/www.smekk.be\/fr\/recept\/gateau-marbre-au-matcha\/"]}]},{"@type":"ImageObject","inLanguage":"fr-FR","@id":"https:\/\/www.smekk.be\/fr\/recept\/gateau-marbre-au-matcha\/#primaryimage","url":"https:\/\/www.smekk.be\/wp-content\/uploads\/Recepten-fotos.png","contentUrl":"https:\/\/www.smekk.be\/wp-content\/uploads\/Recepten-fotos.png","width":1024,"height":1024,"caption":"Matcha Marmercake - Barú"},{"@type":"BreadcrumbList","@id":"https:\/\/www.smekk.be\/fr\/recept\/gateau-marbre-au-matcha\/#breadcrumb","itemListElement":[{"@type":"ListItem","position":1,"name":"Home","item":"https:\/\/www.smekk.be\/fr\/"},{"@type":"ListItem","position":2,"name":"Recepten","item":"https:\/\/www.smekk.be\/fr\/recept\/"},{"@type":"ListItem","position":3,"name":"Gâteau marbré au matcha"}]},{"@type":"WebSite","@id":"https:\/\/www.smekk.be\/fr\/#website","url":"https:\/\/www.smekk.be\/fr\/","name":"Smekk","description":"taste the story","publisher":{"@id":"https:\/\/www.smekk.be\/fr\/#organization"},"potentialAction":[{"@type":"SearchAction","target":{"@type":"EntryPoint","urlTemplate":"https:\/\/www.smekk.be\/fr\/?s={search_term_string}"},"query-input":{"@type":"PropertyValueSpecification","valueRequired":true,"valueName":"search_term_string"}}],"inLanguage":"fr-FR"},{"@type":"Organization","@id":"https:\/\/www.smekk.be\/fr\/#organization","name":"Smekk","url":"https:\/\/www.smekk.be\/fr\/","logo":{"@type":"ImageObject","inLanguage":"fr-FR","@id":"https:\/\/www.smekk.be\/fr\/#\/schema\/logo\/image\/","url":"https:\/\/www.smekk.be\/wp-content\/uploads\/2024\/04\/Smekk_Logo_RGB_Logo-Origineel-Groen.png","contentUrl":"https:\/\/www.smekk.be\/wp-content\/uploads\/2024\/04\/Smekk_Logo_RGB_Logo-Origineel-Groen.png","width":1920,"height":332,"caption":"Smekk"},"image":{"@id":"https:\/\/www.smekk.be\/fr\/#\/schema\/logo\/image\/"},"sameAs":["https:\/\/www.instagram.com\/smekkbe\/"]}]}</script>
<!-- / Yoast SEO plugin. -->

Gâteau marbré au matcha - smekk

Cette recette est spécialement destinée à tous les amateurs de matcha ! Cette variante du gâteau marbré classique est idéale pour le printemps.

Matcha Marmercake - Barú
